69
Suppose -24*x - 224 = -56*x. Suppose x*z - 3327 - 4527 = 0. What are the prime factors of z?
2, 3, 11, 17
Suppose -11*p + 8*p + 66 = 0. Suppose 5*z - p = 3. Suppose 108 + 672 = z*t. List the prime factors of t.
2, 3, 13
Suppose 72*p - 671247 = -9*p. What are the prime factors of p?
8287
Let g = -22621 + 109328. What are the prime factors of g?
31, 2797
Let q be ((-2)/15 + 14/105)/2. Suppose q = -27*k + 23*k + 1344. What are the prime factors of k?
2, 3, 7
Let o be (9*1)/((-27)/18). Let q(b) = b**2 + 6*b + 6. Let f be q(o). What are the prime factors of (f/4)/(-3 + 187/62)?
3, 31
Suppose 0 = b + 2*b - 18. Suppose -16 = -b*j + 32. List the prime factors of (-4)/j - (-453)/6.
3, 5
Let k(j) = j**2 - 107. Let w = -34 + 34. Let b be k(w). List the prime factors of (1/1)/((-1)/b).
107
Let a(m) = 5*m**2 - 4*m + 80. What are the prime factors of a(21)?
31, 71
Let n be 4/(-8) - (-19314)/36. Let v = -426 + n. List the prime factors of v.
2, 5, 11
Suppose -139 = -48*v - 43. Suppose -v*w + 2497 = 3*f, 50*w = 47*w - f + 3735. What are the prime factors of w?
2, 311
Suppose 2*y + 3*n - 50 = -2*n, -4 = n. Suppose 4*x - 2*s = 19 + 11, 5*s - y = -x. What are the prime factors of x/5 - -69*1?
71
Suppose -9*g - 463 = -58. Suppose 0 = 2*a + 97 + 233. List the prime factors of (a/g)/(2/36).
2, 3, 11
Let q(c) = 15*c**3 + 9*c**2 - 7*c - 17. Let p be q(5). Suppose -6*x - p = -8996. What are the prime factors of x?
2, 3, 193
Suppose -20 + 17 = -o. Suppose -c + b + 78 = -o*b, -2*b - 214 = -3*c. What are the prime factors of c?
2, 5, 7
Let s be 128/(-2)*-5*(-5)/(-25). Suppose s*o = -5*f + 69*o + 630, 363 = 3*f + 2*o. List the prime factors of f.
3, 41
Suppose -l + 3*l = 24. Let m be 196*((-8)/l)/(8/(-12)). List the prime factors of (-2)/3*99/22 + m.
193
List the prime factors of (-2029332)/(-78) + 27/(-351).
26017
Let o(n) = -6*n - 6. Let r be o(-3). Suppose 0 = -r*j + 3338 - 542. List the prime factors of j.
233
What are the prime factors of (-1272)/(-1696) + (0 - (-56945)/4)?
23, 619
Let u(q) = 4*q + 316 - 5*q - 269. Let o be u(16). Let k = 140 - o. List the prime factors of k.
109
Suppose 2*g + 1 + 3 = -2*p, 0 = -2*p + 5*g + 31. Let f = -1041 + 1091. Suppose f = p*z - 58. What are the prime factors of z?
2, 3
Let o = -1 - -10. Let k(r) = 3*r**2 - 11*r + 21. Let p be k(o). Suppose 2 = -2*s + 12, 3*j = -3*s + p. What are the prime factors of j?
2, 5
Let h = 99 - 38. Let c = -40 + h. Let o = c + -11. List the prime factors of o.
2, 5
Suppose 0 = -5*k - 4*q + 4684, -3*k + 5*k = 2*q + 1870. List the prime factors of k.
2, 3, 13
Let s(c) = 151*c**2 + 805*c + 13. List the prime factors of s(-6).
619
Suppose -14*l + 30 = -68. Suppose h - 4 + 0 = 0. What are the prime factors of h - -22*(-4 + l)?
2, 5, 7
Let r = 19 - 42. Let d = 27 + r. Suppose -114 = 2*a - d*a. What are the prime factors of a?
3, 19
Let f be 1*((-8)/(-6) + 12/(-9)). Suppose 6*g - 12 = -f. List the prime factors of (-3 + g)/(5/(-685)).
137
Suppose 16*c - 21824 = -46*c. Suppose 0 = -348*t + c*t - 1180. List the prime factors of t.
5, 59
Let f = -24388 + 42289. What are the prime factors of f?
3, 13, 17
Suppose 0 = 32*o - 24*o - 5376. Let i = o + -443. List the prime factors of i.
229
Suppose 23 = 2*z + 17. Suppose 5*v = z*v - 426. List the prime factors of -6*-3*v/(-27).
2, 71
Let v be (7 + 5043/(-21))/(2/(-14)). Let c = v - 1055. What are the prime factors of c?
577
Let p = -264 - -1470. Suppose -a = -7*a + p. Suppose 0 = 2*h - b - 2*b - a, 0 = 3*b - 9. What are the prime factors of h?
3, 5, 7
Let v = -144 - -86. Let t = v - -66. Suppose -t*i = -132 - 116. List the prime factors of i.
31
Suppose -2*p + 5*p = i - 11, -4*p - 4 = 4*i. Let t = -345 - -348. Suppose 787 = 4*j + 5*c, -i*j + 93 = -t*c - 328. What are the prime factors of j?
7, 29
Let r(l) = l**2 + 31*l + 159. Let m be r(-25). Suppose -2*f + 236 = 2*q, -611 = 4*f - m*f + 2*q. List the prime factors of f.
11
Suppose -o - 637 = -3*t, 2*t + 2*o = 166 + 272. What are the prime factors of t?
2, 107
Let k = 450 + -448. Suppose -102 = -3*t - 114, 7188 = 4*q - k*t. What are the prime factors of q?
5, 359
Let r(b) = 2*b**3 - 5*b**2 + 3*b + 2. Let c be r(3). Let x = 29 - c. Suppose -5*m + 2*u = -87, 5*u - x = 3*m - 65. List the prime factors of m.
17
Let c be (-5)/1 - 254 - 3. Let u be ((-2)/(-4))/((-3)/822). Let b = u - c. List the prime factors of b.
5
Let d = 76 + -160. Let m be ((-7)/(d/666))/(3/4). Suppose 0 = j - 3*j + m. What are the prime factors of j?
37
Let l be (-6)/(-24)*6*440/15. Let u = -8 - -47. Suppose -l*m + u*m = -175. List the prime factors of m.
5, 7
Let m(q) = 1 + 9*q + 41 - 76 + 15*q - 101. List the prime factors of m(11).
3, 43
Suppose -2*c + 14 + 6 = 2*z, 0 = -5*c + z + 44. Suppose c*s - 6680 = 4*s. List the prime factors of s.
2, 167
Let h = 127 - 101. Suppose 445 = -h*l + 31*l. What are the prime factors of l?
89
Suppose r - 4*m = 42, -4*m = 4*r - 2*m - 114. Let a be 4/(1 + r/(-34)). Suppose -37*o + a*o = -201. What are the prime factors of o?
67
Let l(f) be the first derivative of 19*f**3/3 - f**2/2 + 57*f + 30. Let j(p) = -10*p**2 + p - 28. Let i(d) = -9*j(d) - 4*l(d). List the prime factors of i(3).
3, 5
Suppose 0 = -194*b + 313*b - 2171274. What are the prime factors of b?
2, 3, 3041
Let c = 194 - 170. List the prime factors of 260 + (c - 4)/5 + -5.
7, 37
Let i be ((-28)/(-9))/(4/(-18)). Let f(z) = 5*z + z**2 + 7*z - z + 21. List the prime factors of f(i).
3, 7
Let v(a) = 176*a - 13. List the prime factors of v(6).
7, 149
Let x be (210/(-75))/((-3)/735). Suppose 11*i - 6*i - 323 = -2*b, 2*i = -4*b + x. List the prime factors of b.
2, 3, 29
Suppose -10*m - 21 = -3*m. Let y(p) = -p + 16 - 20*p - 17*p. List the prime factors of y(m).
2, 5, 13
Suppose -2*x + 597 = -m, 2*x = 2*m - 3*m + 607. Suppose -4*v - 6*g + 271 = -7*g, -4*v = 5*g - x. What are the prime factors of v?
3, 23
Suppose -2*t = -4*o + 348, o = -0*o - 5*t + 76. Let i = o + 332. List the prime factors of i.
2, 11, 19
Suppose -5*y = 2*n - 1468, 42*y - 40*y = 0. What are the prime factors of n?
2, 367
Suppose -2*g - 4 = 0, 2 + 4 = 2*w - g. Let j(t) = -3*t - 13. Let a be j(-5). Suppose -4*n - 632 = -4*h, -a*h + w*n = 3*h - 784. What are the prime factors of h?
2, 3, 13
Let s be (-4 + 5)*(1*-68 - -2). List the prime factors of 4755/12 + s/(-88).
397
Let s be ((4 + -4)/(4 - 2))/(-1). Suppose s = 32*z - 53*z + 9219. List the prime factors of z.
439
Let m be ((-48)/56)/(1/(-147)). Let a be (m/105)/((-6)/(-20)). Suppose -440 = -2*z - 2*z + a*x, 205 = 2*z + x. What are the prime factors of z?
3, 5, 7
Let z(s) = -4*s - 136. Let i be z(-32). List the prime factors of (i/((-32)/1342))/(2/4).
11, 61
What are the prime factors of (11985/6)/(-17)*(-1 + -47)?
2, 3, 5, 47
Suppose 2*g = 3*c + 6049 + 8332, 0 = 5*g - 3*c - 35957. List the prime factors of g.
2, 29, 31
Suppose -2*q = -2*h - 3012, -4*h - 2*q - 5994 = -0*q. Let m = -981 - h. What are the prime factors of m?
2, 5, 13
Let n(u) = 2*u**2 - 14*u - 9. Suppose c = -6*s + 2*s + 69, 126 = 2*c + 5*s. Let g = c - 42. List the prime factors of n(g).
79
Let y = -1049 + 715. Let a = y + 678. List the prime factors of a.
2, 43
Let q(k) = -897*k**3 - 2*k**2 - 8*k - 54. What are the prime factors of q(-3)?
3, 7, 1151
Suppose 19*l - 20*l - 123717 = -5*z, -4*l - 28 = 0. List the prime factors of z.
2, 89, 139
Let a = -273 - -1313. Suppose -4*x = d - a - 3588, -5*x = 4*d - 5774. What are the prime factors of x?
2, 3, 193
List the prime factors of 162/(-126) + (-3410220)/(-105).
47, 691
Let y be (-75)/(-18) + 3/(-18). List the prime factors of (-7 + 9 - 358/y)*-2.
5, 7
Let d = 5506 + 1054. List the prime factors of d.
2, 5, 41
Let p = 6105 - 4222. List the prime factors of p.
7, 269
Let q(u) = u**3 + 6*u**2 + 3*u + 10. Let c be (-10)/(-4) + -1 + 30/(-4). Let l be q(c). Let y(o) = -12*o + 4. What are the prime factors of y(l)?
2, 5
Let s be 19 - 15 - (-2 + 3)*2. Suppose -s*n = -l - 12 + 10, n - 5*l - 1 = 0. What are the prime factors of (-125 - 1)*(n - (-20)/(-8))?
3, 7
Let u(a) = 13*a**3 - 3*a**2 + 69*a - 150. List the prime factors of u(11).
7, 23, 109
Let s(x) = 3568*x - 662. What are the prime factors of s(4)?
2, 5, 1361
Let d = 25941 + -4832. List the prime factors of d.
11, 19, 101
Suppose -13*d = 14*d - 91503. Suppose -3*f + 2*g = -3401,